2*f**2. Let k be g(-2). Calculate the remainder when (18/(-4))/((-14)/k) is divided by 14.
13
Let o = -44 - -50. Suppose 4*d - 7 = -t + o, -d + 2 = -t. What is the remainder when d is divided by 1?
0
Suppose 0 = -2*t + 20 + 12. Calculate the remainder when 93 is divided by t.
13
Let n be (-1)/2*(-20 - 6). Suppose -n + 1 = -4*l. Calculate the remainder when (65/39)/((-1)/(-6)) is divided by l.
1
Suppose s + 6*g - 3*g = -15, -4*s = -g + 47. Suppose 3*f + f + 120 = 0. Calculate the remainder when 57 is divided by (f/s)/((-2)/(-12)).
12
Suppose 13*a + 143 - 1599 = 0. What is the remainder when 114 is divided by a?
2
Suppose 0 = 3*b + b - 1352. Let t = b + -223. Suppose -4*d - 15 = -t. What is the remainder when d is divided by 9?
7
Calculate the remainder when 16/(-64) - (-1)/((-4)/(-385)) is divided by 14.
12
Suppose w + 5 = 0, 6*p - 5 = p - 4*w. Suppose -5*v + 248 = -4*r + 61, -2*v + 55 = p*r. Calculate the remainder when 137 is divided by v.
32
Suppose -5 = -5*d + 5*o, -2*d + 6*d = -4*o + 20. Let s be 4/(-8) + d/6. Suppose -4*g + 28 = -s*g. Calculate the remainder when g is divided by 3.
1
Let t(v) = -v + 132. What is the remainder when t(-19) is divided by 51?
49
Suppose 28*c - 2097 = -557. What is the remainder when 192 is divided by c?
27
Suppose 2*p = -5*a + 11, p + a - 6 = -a. Suppose p = -o + 21. Let g(n) = n + 14. Calculate the remainder when g(9) is divided by o.
10
What is the remainder when 86 is divided by -56*(0 + (-9)/36)?
2
Calculate the remainder when ((-26)/(-26))/((-2)/(-222)) is divided by 8.
7
Let r(f) = 53*f + 331. Calculate the remainder when r(4) is divided by 34.
33
Suppose -267*b + 265*b = 156. Let k = b + 95. Calculate the remainder when 50 is divided by k.
16
Suppose -m = -5*c - 6*m + 220, 0 = -4*c - 3*m + 178. Let l(i) = 29*i + 6. What is the remainder when c is divided by l(0)?
4
Let b = -115 - -130. What is the remainder when -58*2*(-2)/4 is divided by b?
13
Let q = -17369 + 17408. Let k(z) = z**3 + 4*z**2 - z - 2. What is the remainder when q is divided by k(-3)?
9
Let f = -1869 - -1881. Calculate the remainder when 309 is divided by f.
9
Let i be 2*(-2)/4*-218. Suppose 8*l = i + 238. What is the remainder when l is divided by 30?
27
Suppose -k - 67 = -2*b, -2*b - 6*k + k = -85. Let u = -226 + 231. What is the remainder when b is divided by u?
0
What is the remainder when 0 - 1714/(-38) - (-66)/(-627) is divided by 17?
11
Let n be (-12)/10*(-75)/(-10). Let v = -1 + 11. What is the remainder when 585/20 - (n/(-4) + -2) is divided by v?
9
Calculate the remainder when -1 - -7 - -4 - -361 is divided by 98.
77
Suppose 43*a - 1045 = 32*a. Suppose -u - 4*u - 4*i = -140, 3*i = -2*u + 63. What is the remainder when a is divided by u?
23
Let w(p) = -p**2 + 14*p + 18. Let r be w(14). Suppose 3*a - r = 3*u, -3*u = 3*a - 0*u - 36. What is the remainder when 26 is divided by a?
8
Let c = 62 - -76. Suppose 0 = 2*r - 8*r + c. What is the remainder when 91 is divided by r?
22
Let w = -677 - -687. Calculate the remainder when 28 is divided by w.
8
Let z = -13 - -15. Let g(p) = 15*p + 2. Calculate the remainder when g(z) is divided by 8/28 - (-122)/14.
5
Let l = -17 - -17. What is the remainder when 27 is divided by 5 + l + 0 + 0?
2
Suppose -5*m + 16 = 6. Let l(z) = z**2 - 2*z + 1. Let s be l(1). Suppose s*x + 8 = 4*x. What is the remainder when m is divided by x?
0
Suppose -l + 11*q - 9*q + 6 = 0, q = -3*l + 46. Calculate the remainder when 97 is divided by l.
13
Suppose 18*g - 20*g + 16 = 0. Calculate the remainder when 87 is divided by g.
7
Suppose 71*c - 490 = 61*c. Let t(i) = 2*i**2 + 6*i + 6. What is the remainder when c is divided by t(-5)?
23
Suppose -4*v - 5*q - 10 = -9*v, 0 = 5*v + q - 40. Suppose -3*h - 60 = -v*h. Calculate the remainder when 48 is divided by h.
3
Suppose 4*y - 11 = 5. Suppose -y*z + 5*z = 14. Calculate the remainder when 53*1 - (-1 + 1) is divided by z.
11
Suppose -2*y = 6, 2*f = -6*y + 8*y + 98. Calculate the remainder when 149 is divided by f.
11
Let w(y) = -y**3 + 14*y**2 - 12*y - 11. Let k be w(13). Suppose k*r = 5*r - 183. Calculate the remainder when r is divided by 16.
13
Let n(y) = y + 57. Let b = 42 + -27. What is the remainder when n(-16) is divided by b?
11
Let s(l) = 3*l**2 + 3. What is the remainder when 35 is divided by s(1)?
5
Calculate the remainder when 459 is divided by 400/(-3400) - 3895/(-17).
1
Suppose 3*d - 4*y = -d + 20, d + 4*y = 10. Suppose -23 - d = -c. What is the remainder when c is divided by 15?
14
Let q(u) = 3*u**3 - 9*u**2 + 4. What is the remainder when q(4) is divided by 27?
25
What is the remainder when 393 is divided by 4 - 11/((-22)/80)?
41
Calculate the remainder when 210 is divided by 6/((-3)/((-81)/3)).
48
Calculate the remainder when 677 is divided by (-5 + 1)/((-4)/10 + 0).
7
Suppose 3*b + j - 118 = 0, 149 = -2*j + 151. What is the remainder when 350 is divided by b?
38
Let f be (-208)/(-24)*(3 - 0) + 2. Let o = f - 16. What is the remainder when 35 is divided by o?
11
Suppose 25*r - 14*r = 0. Suppose -2*k + g = -5*k + 79, -3*k - 5*g + 83 = r. Calculate the remainder when k is divided by 1/3 - (-41)/3.
12
Let r(a) = a + 43. Let o be r(-7). Let t = -13 + o. What is the remainder when 89 is divided by t?
20
Calculate the remainder when 943 is divided by ((-259)/(-2331))/(1/711).
74
Suppose 25 = g + 4*g. Suppose 5*i + m + 37 = -3*m, -51 = g*i - 3*m. Let n = i - -19. Calculate the remainder when n is divided by 6.
4
Let d(i) = -i**2 - 3*i. Let o be d(-2). Let k be 0 + o + 1 + -3. Suppose k = b + 3, 5*c + 2*b - 42 = 22. Calculate the remainder when c is divided by 8.
6
Let k(z) = -6*z - 3 + 5 + 10*z - 3. What is the remainder when k(6) is divided by 8?
7
Let s be ((-35)/14)/((-2)/4). Let k = s - -10. Let c = k - 4. Calculate the remainder when 18 is divided by c.
7
Suppose 2*q - 4*q + 4*f = 6, -3*f = -2*q - 3. Suppose 3*y + 61 = q*z - 2*y, -3*z = 2*y - 26. Calculate the remainder when z is divided by 7.
5
Let h(l) = 28*l - 50. Calculate the remainder when 73 is divided by h(3).
5
Let z = 74 + -50. Let t be (-4)/6*z/(-16). What is the remainder when t*-2 - (4 - 12) is divided by 4?
2
Let b = -56 - -85. Suppose 8*m = 5*m + 240. Suppose -p + 6*p - m = 0. What is the remainder when b is divided by p?
13
Let r be (-8)/(-48) + (-1)/(-1 + 7). Suppose r*d = -4*d + 104. What is the remainder when 51 is divided by d?
25
Suppose -5*b - 5*g = -75, -3*b = -6*b - g + 49. Calculate the remainder when 61 is divided by b.
10
Let o be 1*72 + 3 + -5. Suppose -o = -5*u - 3*t, -2*t - 70 = -8*u + 3*u. What is the remainder when 111 is divided by u?
13
Let o be 16/(-4)*(-1)/(-2). Let m be (o/5)/(5/(-150)). Suppose f - m = 17. What is the remainder when f is divided by 16?
13
Suppose -7*x + 5*x = -2. Let k be x/((-4)/(-16) - 0). Suppose -5*z = -z + 3*i - 46, k*z = 2*i + 36. What is the remainder when 27 is divided by z?
7
Let m = -5 - -10. Suppose 0 = 3*q + m - 38. Let k = 14 - q. What is the remainder when 10 is divided by k?
1
Let n = 175 - 102. Calculate the remainder when n is divided by 19.
16
Let m(j) = -j**2 + 9*j + 6. Let i be m(9). Let t be -4*i + 1/(-1). What is the remainder when (-1 - 1)*t/5 is divided by 3?
1
Let a(u) be the first derivative of -u**2/2 + 19*u - 4. What is the remainder when 58 is divided by a(3)?
10
Let m be (4*2)/(3/((-12)/(-8))). Suppose 4*d = -t + 27, -5*t = -d + 37 - m. Calculate the remainder when 19 is divided by d.
3
Suppose 3825 = 21*s + 87. Calculate the remainder when s is divided by 20.
18
Let w = 688 + -667. Calculate the remainder when 627 is divided by w.
18
Suppose -144 = -5*z + 26. Suppose -79 = -4*l - 3*o, 0 = -3*l - o + 63 - 5. What is the remainder when z is divided by l?
15
Let x(h) = h**2 - 3*h + 3. Calculate the remainder when (-17 - 96/(-6))/(1/(-104)) is divided by x(6).
20
Let q = 197 + -172. Let t(l) = l**3 + 10*l**2 + 4*l + 2. What is the remainder when t(-8) is divided by q?
23
Suppose 0 = 3*w - 75 + 12. Suppose -q - 4*v = -5*q + 4, -5*q = 2*v - 40. Calculate the remainder when w is divided by q.
3
Let m(o) be the third derivative of -o**4/6 + 3*o**3/2 + 2*o**2. Let i be m(6). Let f = i + 37. Calculate the remainder when 42 is divided by f.
20
Suppose -4 = -2*a - c + 16, a = 3*c + 3. Suppose -4*f - 37 = -a. Let v = 21 + f. What is